1
Let d(s) = -s**3 - 9*s**2 - 17*s - 9. What is the tens digit of d(-8)?
6
Let h = 19 - -25. What is the units digit of h?
4
Let f(r) = r**2 + 4*r - 5. Let u be f(-6). Let c(n) = -n**3 + 7*n**2 + 3*n - 10. What is the units digit of c(u)?
1
Suppose 2*x - 5 = -13, -10 = -2*w + x. What is the units digit of w/(-1) + 0 - -36?
3
Let s(h) = -h + 13. Let v be s(-7). Suppose -b = -p + 2*p, 4*p = -v. What is the units digit of b?
5
Let p = -110 + 241. What is the tens digit of p?
3
Let s = 10 - 4. Let i = -5 + s. What is the units digit of 1 + 0*i/3?
1
Let p(w) = 2*w + 1. Let v be p(1). Let g be v/(-6) + (-6)/4. What is the units digit of 188/36 + g/9?
5
What is the units digit of 8/(-10) - 2295/(-25)?
1
Let y be (-4)/(-12)*(6 - 0). Suppose 5*h - 2*t - 50 = 0, -4*h + t = -y*t - 47. What is the units digit of h?
8
Suppose 5*y = 5 - 25. Let a = y - -13. What is the units digit of a?
9
Suppose 6*c = c. Suppose -2*q + 22 + 6 = c. What is the units digit of q?
4
Let p be 14/4*16/14. Suppose 5*q - 2*q - 63 = -3*t, -59 = -3*t - 2*q. Suppose -3*x = -p*x + t. What is the units digit of x?
7
Let d = 5 - 2. Suppose -10 = 4*j + 4*n - 34, -4*n + 10 = -d*j. What is the units digit of j?
2
Let j(a) = -3*a + 7. What is the units digit of j(-11)?
0
Suppose -4*y = -12, -3*j - 1 = y - 16. Suppose -j*p + 4*m + 76 = 0, -3*m - 4 - 2 = 0. What is the tens digit of p?
1
Suppose -2*r = -7*r. Suppose r = -4*d - 0*d + 8. Let w = 9 - d. What is the units digit of w?
7
Suppose -93 - 20 = -q. What is the hundreds digit of q?
1
Suppose 0*g = -g. Suppose 3*m = -q - 15, -3*q = 5*m - g*q + 21. Let i(p) = p + 9. What is the units digit of i(m)?
3
Let v be ((-16)/(-20))/((-2)/(-10)). Let t = 7 - v. Suppose -t*n - 34 + 94 = 0. What is the tens digit of n?
2
Let v = 59 - 95. Let m be (1 - 0)/((-4)/v). Suppose -5*o = m - 29. What is the units digit of o?
4
Let o(f) = -f**2 + 9*f + 5. Let u be ((-18)/(-15))/(4/(-40)). Let g = -5 - u. What is the units digit of o(g)?
9
Let g = -5 - -7. Let s(o) = -o**2 + 4*o - 1. Let n be s(g). Suppose -2*v = -4*w, v + 9 = n*w + 2*w. What is the units digit of v?
6
Let v = 15 + -13. Suppose d = 2*d - 5, v*t + 5*d = 65. What is the tens digit of t?
2
Let n be -12*(-5)/30*2. Let a = 7 + -4. Suppose -2*t - 3*x - 13 = -31, -n*t + 72 = -a*x. What is the units digit of t?
5
Suppose -8 - 19 = -3*b + 4*u, 5*u - 10 = -5*b. Suppose 3*z = -b*a + 5*z + 56, -5*z + 5 = 2*a. What is the tens digit of a?
1
What is the units digit of 89 - (-1)/(-5)*5?
8
Suppose 5*g - 3*f - 61 = 0, -g - 3*f - 5 = -2*g. What is the units digit of g?
4
Let w = -15 + 31. Suppose 2*d - w = -2. What is the units digit of d?
7
Let g(o) = 13*o - 1. Let q be g(-6). What is the units digit of q/(-5) + (-24)/30?
5
Let r(t) = t**3 + 4*t**2 + 2*t + 2. Let h be r(-3). Suppose -h*b + 6 = -24. What is the units digit of b?
6
Let l be -6*3/(-9)*-139. Let s be l/(-3) + 12/(-18). Suppose 29 - s = -3*d. What is the units digit of d?
1
Let u = -29 + 25. Suppose 2*f - 8 = 2*v, -4*v - 15 = -8*f + 3*f. Let k = u - v. What is the units digit of k?
1
Suppose 75 = l - 4*x, -5*l - 2*x = -0*x - 353. What is the tens digit of l?
7
Suppose -4*t = -2*d - 6, -4*d = -5*t - 0*d + 6. Suppose -t*w - 114 = -4*w. Suppose w + 33 = 5*v. What is the units digit of v?
8
Let r be (50/4)/((-3)/6). Let z = r - -36. What is the units digit of z?
1
Let i(b) = 3*b + 31. What is the tens digit of i(0)?
3
Suppose -z = -5*y - 46, z + 4*y = 57 + 25. What is the tens digit of z?
6
Let n(i) = -27*i**2 - i - 2. Let c be n(-1). Suppose 4*g + 3*p - 1 = 4*p, -4*p + 7 = -5*g. What is the units digit of c/(-21)*g*3?
4
Let t(c) = 6*c**2 + 6*c + 9. What is the tens digit of t(8)?
4
What is the tens digit of (12/(-1))/((-14)/56)?
4
What is the tens digit of ((-2)/(-6)*3)/(7/553)?
7
Let f be 48/(-20) - (-6)/15. What is the units digit of (-6)/f + -7 - -7?
3
Suppose 0*z + 2*z = 8. Suppose 8 = t + z. Suppose -t = -w + 2. What is the units digit of w?
6
Let k(s) = -s**3 + 9*s**2 + 1. Let n be 1/(-3) - (-28)/3. Let a be k(n). What is the units digit of 12 - -1*(a + -3)?
0
Let k = -218 - -310. What is the tens digit of k?
9
Suppose 2*g - 4*h + 10 = -2*h, -2 = -2*h. Let v = g + 8. What is the units digit of v?
4
Let u = -1 + 4. Suppose 2*c = 5*c - u. What is the units digit of c?
1
Let c(d) = d - 10. Let q be c(8). Suppose -2*y - 3*y - 210 = 0. What is the units digit of y/(-9) + q/3?
4
Suppose 11*o = 3*o + 616. What is the tens digit of o?
7
Let d(a) = 14*a + 2. Let v be d(3). Let q = v - 28. Let p = q + -10. What is the units digit of p?
6
Let g(w) = -2*w**2 - 5*w + 4. Let q(v) = 3*v**2 + 6*v - 5. Let t(k) = 5*g(k) + 4*q(k). What is the units digit of t(-2)?
0
Suppose -9*s - 104 = -959. What is the tens digit of s?
9
Suppose 0*a + 4*a - 152 = 0. Suppose l - 5*k = 27, 5*k - 15 + a = -l. What is the units digit of -5*2*l/(-5)?
4
What is the hundreds digit of 1/(4 + 2103/(-263) + 4)?
2
Suppose -4 = 4*h, 3*n + 4*h = 5*n + 64. Let l = n - -24. What is the units digit of -3*(l/6 + 1)?
2
Let b be 10 - 10 - 24/(-2). Suppose -5*f = -2*f + b, -n - f = -7. What is the units digit of n?
1
Suppose -4*f + 199 = 7. What is the tens digit of f?
4
Let i(w) = -w**2 + 7*w - 7. Let n(t) = t**2 - 2. Let v be n(2). Suppose 31 = 7*o - v*o - 2*x, -o + 3*x = -14. What is the units digit of i(o)?
3
Suppose 2*t + 60 = -4*c, -2*c + 5*t + 0*t - 30 = 0. What is the tens digit of (-78)/4*10/c?
1
Let k = 10 + -8. Suppose 4*l = 38 + k. What is the tens digit of l?
1
Suppose -10*f = f - 418. What is the units digit of f?
8
Let t(k) be the third derivative of k**4/24 + 4*k**3/3 + k**2. Let a be t(-6). What is the units digit of (-8)/4*(-6 + a)?
8
Suppose -6*l + 11*l = 75. Suppose 5*a = 3*d + 25, 5*d - 4*d - 20 = -4*a. Suppose -3*t = -d*t - l. What is the units digit of t?
5
Let c(m) = -5*m - 3. What is the units digit of c(-3)?
2
Suppose -2*p + 82 = 3*b - b, 0 = -5*p + 15. What is the tens digit of b?
3
Let h = -48 + 94. Let u = h - 32. Suppose -2*z - u = -2*g, -5*g - 2*z + 38 = -6*z. What is the units digit of g?
0
Let c(k) = -4*k - 8. Let d(l) = 2*l + 6. Let y(r) = r + 1. Let p(i) = d(i) + y(i). Let h(u) = 4*c(u) + 5*p(u). What is the units digit of h(-6)?
9
Let t be (-3)/((-1)/((-37)/(-3))). Let x = t + -20. What is the units digit of x?
7
Suppose -3*k = 0, -t + 3*k - 36 = -4*t. Let r(m) = m + 1. Let d be r(t). Suppose -14 = -5*x - y, 0*y + d = 3*x - 4*y. What is the units digit of x?
3
Suppose -44 = -4*n + 180. What is the tens digit of n?
5
Suppose 148 = 5*q - q. What is the units digit of q?
7
Let r = -28 + 39. Let s(q) = -q**2 + 17*q + 4. Let k(o) = -o**2 + 18*o + 5. Let b(n) = -5*k(n) + 6*s(n). What is the units digit of b(r)?
0
Let x(u) = 1 + 2*u + 4 + u. Let z be x(5). Suppose h = -0*v - 4*v + z, -16 = -4*h. What is the units digit of v?
4
Let q = -26 - -18. Let u(a) = a + 19. What is the tens digit of u(q)?
1
Let d(a) = -15*a**2 - 5*a + 6. Let b(y) = -16*y**2 - 6*y + 7. Let t(l) = 5*b(l) - 6*d(l). What is the units digit of t(-1)?
9
Let d(h) = -h**2 + 10*h - 12. Let r(z) = z. Let a(b) = -d(b) + r(b). What is the tens digit of a(9)?
1
Let o = -2 + 7. Suppose -3*v = 3*k - 45, -o*v + 2*k = -34 - 27. What is the units digit of v?
3
Suppose 5*j = 2*c + 39 + 1, 2*j - 16 = 3*c. Let l = 12 - j. Suppose -l*n + 0*n + 64 = 0. What is the tens digit of n?
1
What is the tens digit of 14/(-35) - (-2104)/10?
1
Let d = 1 - -37. Suppose -3*n + o + 59 = 0, -2*n = -0*n - o - d. What is the units digit of n?
1
Suppose q = -2*q + 15. Suppose -q*r + 3*v + 5 = 2, -r + 3 = -3*v. Suppose 2*s - s - 1 = r. What is the units digit of s?
1
Suppose -5*p = g - 19, -3*p - 2*g + 10 = -0*p. What is the units digit of (p/(-6))/(1/(-18))?
2
Let r(p) = 8*p**2 + 2*p - 1. Let h be r(1). Suppose -4*z + 7 = -h. What is the units digit of z?
4
Let q = -45 - -77. Let s = q + -7. What is the units digit of s?
5
Suppose 2*i - b - 2 = 0, -i + 3*b = -b + 13. Suppose -o - 1 = 4*c - 3, 4*c - i*o + 6 = 0. Suppose c = 4*y - 7*y + 21. What is the units digit of y?
7
Let a(x) = 2*x**2 + 8*x + 7. Let k be a(-5). Suppose 3*s + 5*y - 89 = -k, -96 = -4*s - 5*y. What is the units digit of s?
4
Suppose 0 = 18*y - 5*y - 390. What is the tens digit of y?
3
What is the hundreds digit of 6 + 292 - (-2 + -1 + 2)?
2
Suppose 0 - 1 = -w. What 